{"id":23961,"date":"2024-01-11T13:36:17","date_gmt":"2024-01-11T11:36:17","guid":{"rendered":"https:\/\/delatorrearquitectura.com\/?post_type=dt_portfolio&#038;p=23961"},"modified":"2024-05-24T17:28:29","modified_gmt":"2024-05-24T15:28:29","slug":"test-3-21","status":"publish","type":"dt_portfolio","link":"https:\/\/delatorrearquitectura.com\/ca\/project\/test-3-21\/","title":{"rendered":"REFORMA DE LA PLANTA DE GER\u00c8NCIA D&#8217;EUROHUECO"},"content":{"rendered":"<div class=\"wpb-content-wrapper\"><p>[vc_row][vc_column width=&#8221;2\/3&#8243;][vc_single_image image=&#8221;23957&#8243; img_size=&#8221;full&#8221; css=&#8221;&#8221;][vc_single_image image=&#8221;24005&#8243; img_size=&#8221;full&#8221; css=&#8221;&#8221;][vc_single_image image=&#8221;24003&#8243; img_size=&#8221;full&#8221; css=&#8221;&#8221;][vc_single_image image=&#8221;23951&#8243; img_size=&#8221;full&#8221; css=&#8221;&#8221;][\/vc_column][vc_column width=&#8221;1\/3&#8243;][vc_row_inner][vc_column_inner][vc_column_text css=&#8221;&#8221;]Situaci\u00f3: <strong>Castellbisbal<\/strong><\/p>\n<p>Actuaci\u00f3: <strong>Reforma<\/strong><\/p>\n<p>Any: <strong>1998 &#8211; 1999<\/strong><\/p>\n<p>&nbsp;<\/p>\n<hr \/>\n<p>&nbsp;<\/p>\n<p>Projecte de reforma de la planta de ger\u00e8ncia d&#8217;aquesta empresa, dedicada a la impressi\u00f3 de revistes, fullets i cat\u00e0legs de venda.<\/p>\n<p>Treball de l\u2019arquitecte Eduardo de la Torre per l\u2019empresa Tekno-Bau.[\/vc_column_text][\/vc_column_inner][\/vc_row_inner][\/vc_column][\/vc_row]<\/p>\n<\/div>","protected":false},"excerpt":{"rendered":"<p>[vc_row][vc_column width=&#8221;2\/3&#8243;][vc_single_image image=&#8221;23957&#8243; img_size=&#8221;full&#8221; css=&#8221;&#8221;][vc_single_image image=&#8221;24005&#8243; img_size=&#8221;full&#8221; css=&#8221;&#8221;][vc_single_image image=&#8221;24003&#8243; img_size=&#8221;full&#8221; css=&#8221;&#8221;][vc_single_image image=&#8221;23951&#8243; img_size=&#8221;full&#8221; css=&#8221;&#8221;][\/vc_column][vc_column width=&#8221;1\/3&#8243;][vc_row_inner][vc_column_inner][vc_column_text css=&#8221;&#8221;]Situaci\u00f3: Castellbisbal Actuaci\u00f3: Reforma Any: 1998 &#8211; 1999 &nbsp; &nbsp; Projecte de reforma de la planta de ger\u00e8ncia d&#8217;aquesta empresa, dedicada a la impressi\u00f3 de revistes, fullets i cat\u00e0legs de venda. Treball de l\u2019arquitecte Eduardo de la Torre per l\u2019empresa&hellip;<\/p>\n","protected":false},"author":2,"featured_media":23957,"comment_status":"closed","ping_status":"closed","template":"","dt_portfolio_category":[],"dt_portfolio_tags":[],"class_list":["post-23961","dt_portfolio","type-dt_portfolio","status-publish","has-post-thumbnail","hentry","description-off"],"_links":{"self":[{"href":"https:\/\/delatorrearquitectura.com\/ca\/wp-json\/wp\/v2\/dt_portfolio\/23961","targetHints":{"allow":["GET"]}}],"collection":[{"href":"https:\/\/delatorrearquitectura.com\/ca\/wp-json\/wp\/v2\/dt_portfolio"}],"about":[{"href":"https:\/\/delatorrearquitectura.com\/ca\/wp-json\/wp\/v2\/types\/dt_portfolio"}],"author":[{"embeddable":true,"href":"https:\/\/delatorrearquitectura.com\/ca\/wp-json\/wp\/v2\/users\/2"}],"replies":[{"embeddable":true,"href":"https:\/\/delatorrearquitectura.com\/ca\/wp-json\/wp\/v2\/comments?post=23961"}],"version-history":[{"count":5,"href":"https:\/\/delatorrearquitectura.com\/ca\/wp-json\/wp\/v2\/dt_portfolio\/23961\/revisions"}],"predecessor-version":[{"id":24465,"href":"https:\/\/delatorrearquitectura.com\/ca\/wp-json\/wp\/v2\/dt_portfolio\/23961\/revisions\/24465"}],"wp:featuredmedia":[{"embeddable":true,"href":"https:\/\/delatorrearquitectura.com\/ca\/wp-json\/wp\/v2\/media\/23957"}],"wp:attachment":[{"href":"https:\/\/delatorrearquitectura.com\/ca\/wp-json\/wp\/v2\/media?parent=23961"}],"wp:term":[{"taxonomy":"dt_portfolio_category","embeddable":true,"href":"https:\/\/delatorrearquitectura.com\/ca\/wp-json\/wp\/v2\/dt_portfolio_category?post=23961"},{"taxonomy":"dt_portfolio_tags","embeddable":true,"href":"https:\/\/delatorrearquitectura.com\/ca\/wp-json\/wp\/v2\/dt_portfolio_tags?post=23961"}],"curies":[{"name":"wp","href":"https:\/\/api.w.org\/{rel}","templated":true}]}}

REFORMA DE LA PLANTA DE GERÈNCIA D&#8217;EUROHUECO

<div class="wpb-content-wrapper"><p>[vc_row][vc_column width=&#8221;2/3&#8243;][vc_single_image image=&#8221;23957&#8243; img_size=&#8221;full&#8221; css=&#8221;&#8221;][vc_single_image image=&#8221;24005&#8243; img_size=&#8221;full&#8221; css=&#8221;&#8221;][vc_single_image image=&#8221;24003&#8243; img_size=&#8221;full&#8221; css=&#8221;&#8221;][vc_single_image image=&#8221;23951&#8243; img_size=&#8221;full&#8221; css=&#8221;&#8221;][/vc_column][vc_column width=&#8221;1/3&#8243;][vc_row_inner][vc_column_inner][vc_column_text css=&#8221;&#8221;]Situació: <strong>Castellbisbal</strong></p>
<p>Actuació: <strong>Reforma</strong></p>
<p>Any: <strong>1998 &#8211; 1999</strong></p>
<p>&nbsp;</p>
<hr />
<p>&nbsp;</p>
<p>Projecte de reforma de la planta de gerència d&#8217;aquesta empresa, dedicada a la impressió de revistes, fullets i catàlegs de venda.</p>
<p>Treball de l’arquitecte Eduardo de la Torre per l’empresa Tekno-Bau.[/vc_column_text][/vc_column_inner][/vc_row_inner][/vc_column][/vc_row]</p>
</div>

<p>[vc_row][vc_column width=&#8221;2/3&#8243;][vc_single_image image=&#8221;23957&#8243; img_size=&#8221;full&#8221; css=&#8221;&#8221;][vc_single_image image=&#8221;24005&#8243; img_size=&#8221;full&#8221; css=&#8221;&#8221;][vc_single_image image=&#8221;24003&#8243; img_size=&#8221;full&#8221; css=&#8221;&#8221;][vc_single_image image=&#8221;23951&#8243; img_size=&#8221;full&#8221; css=&#8221;&#8221;][/vc_column][vc_column width=&#8221;1/3&#8243;][vc_row_inner][vc_column_inner][vc_column_text css=&#8221;&#8221;]Situació: Castellbisbal Actuació: Reforma Any: 1998 &#8211; 1999 &nbsp; &nbsp; Projecte de reforma de la planta de gerència d&#8217;aquesta empresa, dedicada a la impressió de revistes, fullets i catàlegs de venda. Treball de l’arquitecte Eduardo de la Torre per l’empresa&hellip;</p>
