{"id":23989,"date":"2024-01-11T13:46:49","date_gmt":"2024-01-11T11:46:49","guid":{"rendered":"https:\/\/delatorrearquitectura.com\/?post_type=dt_portfolio&#038;p=23989"},"modified":"2024-05-24T17:28:21","modified_gmt":"2024-05-24T15:28:21","slug":"test-3-22","status":"publish","type":"dt_portfolio","link":"https:\/\/delatorrearquitectura.com\/ca\/project\/test-3-22\/","title":{"rendered":"AUDITORI PER LA FEDERACI\u00d3 DE MUTUALITATS DE CATALUNYA"},"content":{"rendered":"<div class=\"wpb-content-wrapper\"><p>[vc_row][vc_column width=&#8221;2\/3&#8243;][vc_single_image image=&#8221;23994&#8243; img_size=&#8221;full&#8221; css=&#8221;&#8221;][vc_single_image image=&#8221;23996&#8243; img_size=&#8221;full&#8221; css=&#8221;&#8221;][\/vc_column][vc_column width=&#8221;1\/3&#8243;][vc_row_inner][vc_column_inner][vc_column_text css=&#8221;&#8221;]Situaci\u00f3: <strong>Barcelona<\/strong><\/p>\n<p>Actuaci\u00f3: <strong>Obra nova<\/strong><\/p>\n<p>Any: <strong>1998 &#8211; 1999<\/strong><\/p>\n<p>&nbsp;<\/p>\n<hr \/>\n<p>&nbsp;<\/p>\n<p>Disseny per al nou auditori de la Federaci\u00f3 de Mutualistes de Catalunya.<\/p>\n<p>Treball de l\u2019arquitecte Eduardo de la Torre per l\u2019empresa Tekno-Bau.[\/vc_column_text][\/vc_column_inner][\/vc_row_inner][\/vc_column][\/vc_row]<\/p>\n<\/div>","protected":false},"excerpt":{"rendered":"<p>[vc_row][vc_column width=&#8221;2\/3&#8243;][vc_single_image image=&#8221;23994&#8243; img_size=&#8221;full&#8221; css=&#8221;&#8221;][vc_single_image image=&#8221;23996&#8243; img_size=&#8221;full&#8221; css=&#8221;&#8221;][\/vc_column][vc_column width=&#8221;1\/3&#8243;][vc_row_inner][vc_column_inner][vc_column_text css=&#8221;&#8221;]Situaci\u00f3: Barcelona Actuaci\u00f3: Obra nova Any: 1998 &#8211; 1999 &nbsp; &nbsp; Disseny per al nou auditori de la Federaci\u00f3 de Mutualistes de Catalunya. Treball de l\u2019arquitecte Eduardo de la Torre per l\u2019empresa Tekno-Bau.[\/vc_column_text][\/vc_column_inner][\/vc_row_inner][\/vc_column][\/vc_row]<\/p>\n","protected":false},"author":2,"featured_media":23990,"comment_status":"closed","ping_status":"closed","template":"","dt_portfolio_category":[],"dt_portfolio_tags":[],"class_list":["post-23989","dt_portfolio","type-dt_portfolio","status-publish","has-post-thumbnail","hentry","description-off"],"_links":{"self":[{"href":"https:\/\/delatorrearquitectura.com\/ca\/wp-json\/wp\/v2\/dt_portfolio\/23989","targetHints":{"allow":["GET"]}}],"collection":[{"href":"https:\/\/delatorrearquitectura.com\/ca\/wp-json\/wp\/v2\/dt_portfolio"}],"about":[{"href":"https:\/\/delatorrearquitectura.com\/ca\/wp-json\/wp\/v2\/types\/dt_portfolio"}],"author":[{"embeddable":true,"href":"https:\/\/delatorrearquitectura.com\/ca\/wp-json\/wp\/v2\/users\/2"}],"replies":[{"embeddable":true,"href":"https:\/\/delatorrearquitectura.com\/ca\/wp-json\/wp\/v2\/comments?post=23989"}],"version-history":[{"count":4,"href":"https:\/\/delatorrearquitectura.com\/ca\/wp-json\/wp\/v2\/dt_portfolio\/23989\/revisions"}],"predecessor-version":[{"id":24464,"href":"https:\/\/delatorrearquitectura.com\/ca\/wp-json\/wp\/v2\/dt_portfolio\/23989\/revisions\/24464"}],"wp:featuredmedia":[{"embeddable":true,"href":"https:\/\/delatorrearquitectura.com\/ca\/wp-json\/wp\/v2\/media\/23990"}],"wp:attachment":[{"href":"https:\/\/delatorrearquitectura.com\/ca\/wp-json\/wp\/v2\/media?parent=23989"}],"wp:term":[{"taxonomy":"dt_portfolio_category","embeddable":true,"href":"https:\/\/delatorrearquitectura.com\/ca\/wp-json\/wp\/v2\/dt_portfolio_category?post=23989"},{"taxonomy":"dt_portfolio_tags","embeddable":true,"href":"https:\/\/delatorrearquitectura.com\/ca\/wp-json\/wp\/v2\/dt_portfolio_tags?post=23989"}],"curies":[{"name":"wp","href":"https:\/\/api.w.org\/{rel}","templated":true}]}}

AUDITORI PER LA FEDERACIÓ DE MUTUALITATS DE CATALUNYA

<div class="wpb-content-wrapper"><p>[vc_row][vc_column width=&#8221;2/3&#8243;][vc_single_image image=&#8221;23994&#8243; img_size=&#8221;full&#8221; css=&#8221;&#8221;][vc_single_image image=&#8221;23996&#8243; img_size=&#8221;full&#8221; css=&#8221;&#8221;][/vc_column][vc_column width=&#8221;1/3&#8243;][vc_row_inner][vc_column_inner][vc_column_text css=&#8221;&#8221;]Situació: <strong>Barcelona</strong></p>
<p>Actuació: <strong>Obra nova</strong></p>
<p>Any: <strong>1998 &#8211; 1999</strong></p>
<p>&nbsp;</p>
<hr />
<p>&nbsp;</p>
<p>Disseny per al nou auditori de la Federació de Mutualistes de Catalunya.</p>
<p>Treball de l’arquitecte Eduardo de la Torre per l’empresa Tekno-Bau.[/vc_column_text][/vc_column_inner][/vc_row_inner][/vc_column][/vc_row]</p>
</div>

<p>[vc_row][vc_column width=&#8221;2/3&#8243;][vc_single_image image=&#8221;23994&#8243; img_size=&#8221;full&#8221; css=&#8221;&#8221;][vc_single_image image=&#8221;23996&#8243; img_size=&#8221;full&#8221; css=&#8221;&#8221;][/vc_column][vc_column width=&#8221;1/3&#8243;][vc_row_inner][vc_column_inner][vc_column_text css=&#8221;&#8221;]Situació: Barcelona Actuació: Obra nova Any: 1998 &#8211; 1999 &nbsp; &nbsp; Disseny per al nou auditori de la Federació de Mutualistes de Catalunya. Treball de l’arquitecte Eduardo de la Torre per l’empresa Tekno-Bau.[/vc_column_text][/vc_column_inner][/vc_row_inner][/vc_column][/vc_row]</p>
